 base 9.
238028
11010001011010000101100 (base 2) to base 12
236aba4
What is 1318423 (base 10) in base 6?
44131451
Convert 560351 (base 9) to base 14.
8a096
What is -bc9e (base 16) in base 11?
-33307
232380a (base 11) to base 16
3df570
57336 (base 9) to base 14
dcb6
22226654 (base 7) to base 2
111010101100001110111
Convert 4471666 (base 9) to base 6.
123345310
What is af67 (base 16) in base 8?
127547
What is 10111101111111100111101 (base 2) in base 12?
2102a25
What is 13e19 (base 15) in base 4?
33212310
Convert -250323 (base 6) to base 11.
-15711
Convert -a5326 (base 11) to base 14.
-3dcd2
Convert -1314320 (base 5) to base 9.
-38852
What is -47573c (base 13) in base 10?
-1697318
52441402 (base 6) to base 8
5653452
What is 761463 (base 9) in base 14?
bb559
Convert -8782485 (base 10) to base 5.
-4222014420
333012112 (base 4) to base 15
518a4
Convert 20201000210 (base 3) to base 12.
64456
22210021122200 (base 3) to base 8
21641763
2222102021 (base 3) to base 12
29b14
Convert -1153415552 (base 6) to base 2.
-110010110110100011011100
-1210102212000 (base 3) to base 4
-3220301100
-20221232331 (base 4) to base 7
-25164342
111003212 (base 6) to base 16
1e9f98
Convert 431020304 (base 5) to base 2.
110111010110101000101
What is 111225103 (base 6) in base 2?
111101110011111111111
What is 13032c1 (base 13) in base 4?
112230011332
What is -15563224 (base 7) in base 2?
-101110000111111001110
7cd582 (base 15) to base 3
102020012220012
What is 384377 (base 9) in base 4?
320312200
-660852 (base 10) to base 6
-22055300
What is 49a7 (base 15) in base 13?
71a4
What is ae0a13 (base 15) in base 7?
130406103
Convert -2002202200200 (base 3) to base 12.
-45a730
What is 1033267 (base 11) in base 7?
21316342
457c32 (base 15) to base 4
30221310011
What is -6a82514 (base 11) in base 4?
-233021221132
Convert 1100011010000100101110 (base 2) to base 3.
20010020121221
Convert -94732 (base 10) to base 2.
-10111001000001100
-1a36b1 (base 15) to base 13
-3594a3
Convert 333323210320 (base 4) to base 6.
1355112224
8867610 (base 9) to base 16
48c474
Convert 436293 (base 11) to base 10.
696457
What is -492de (base 15) in base 5?
-24433114
11010111010101100001 (base 2) to base 14
18d613
Convert 62502004 (base 8) to base 2.
110010101000010000000100
-227546 (base 12) to base 6
-15455330
Convert 112220123 (base 4) to base 8.
265033
What is -1013210301 (base 4) in base 14?
-78ba9
What is 32a9e (base 16) in base 5?
23120033
What is -110101001110011 (base 2) in base 11?
-19524
14343314 (base 5) to base 15
304c4
2737521 (base 8) to base 15
10319d
54452054 (base 6) to base 13
44b474
2800c2 (base 14) to base 4
11101223222
-10545733 (base 9) to base 15
-6ada50
Convert -1080a3 (base 11) to base 15.
-35d92
What is -2122120110100 (base 3) in base 4?
-11113323321
What is -22615103 (base 7) in base 6?
-110332522
Convert 5d7 (base 16) to base 13.
8b0
Convert -2767854 (base 10) to base 6.
-135154050
What is -10001001010001001101010 (base 2) in base 7?
-53142531
What is -176986 (base 13) in base 16?
-8f131
Convert 1112202010111 (base 3) to base 13.
229ccc
Convert 143214413 (base 5) to base 9.
1374057
Convert -56330 (base 13) to base 3.
-21221201112
What is 5a53c (base 13) in base 9?
272228
Convert 22000445 (base 6) to base 8.
2374055
What is -116967 (base 11) in base 5?
-21403330
Convert 566477 (base 10) to base 16.
8a4cd
-581794 (base 13) to base 11
-11a70a5
What is db832 (base 14) in base 10?
531204
Convert -2ae682 (base 15) to base 5.
-1012324342
-9983b0 (base 12) to base 6
-124150340
What is 10000001001010000111 (base 2) in base 9?
885622
404325335 (base 6) to base 16
69c6fb
101100000000110110010000 (base 2) to base 7
200032632
-110020033230 (base 4) to base 15
-6e36bc
What is 13120310 (base 6) in base 2?
1101001000100110010
-11100100111100010010100 (base 2) to base 6
-424443204
Convert 67bcb9 (base 14) to base 13.
967104
Convert 597535 (base 14) to base 6.
145251551
What is 528662 (base 13) in base 8?
7275741
What is -93f839 (base 16) in base 11?
-5523831
What is -851e (base 15) in base 8?
-66772
-8da0d (base 15) to base 6
-13400334
11101000100110001001110 (base 2) to base 14
102583c
Convert -d2c89b (base 14) to base 15.
-9549a2
What is 231203 (base 8) in base 4?
103022003
Convert 4c520 (base 15) to base 8.
734673
What is 10010001001000101110001 (base 2) in base 9?
8847680
What is 220402 (base 5) in base 6?
55110
-1011101001111100111 (base 2) to base 11
-240a47
Convert 11500323 (base 6) to base 13.
ca539
What is 434432133 (base 5) in base 16?
1c987b
What is 5473326 (base 8) in base 14?
2a4742
What is -211981 (base 11) in base 12?
-1443b0
What is -126f3 (base 16) in base 4?
-102123303
Convert 21889 (base 14) to base 16.
13d71
1102113 (base 7) to base 12
662a9
26664656 (base 8) to base 12
200aaba
-11133413 (base 5) to base 6
-2043225
ad47d (base 15) to base 2
10000110100011100111
Convert 3422531 (base 7) to base 14.
b1318
Convert -39459 (base 14) to base 12.
-6959b
Convert -962011 (base 10) to base 12.
-3a4877
What is -143770 (base 13) in base 5?
-111242102
Convert -5770553 (base 8) to base 12.
-63808b
-101010300033 (base 4) to base 10
-4475919
Convert 26210 (base 15) to base 9.
205266
Convert 51709a (base 14) to base 4.
22132220000
What is -451d4 (base 15) in base 4?
-311222113
What is 84e248 (base 15) in base 4?
120020100110
Convert 100212012101 (base 3) to base 9.
325171
235b5 (base 13) to base 6
1215322
-46c41d (base 15) to base 7
-40516015
-1b73dd (base 14) to base 5
-222333031
What is -30e91 (base 15) in base 16?
-25e19
Convert -242c6 (base 15) to base 10.
-115386
Convert -a5152b (base 12) to base 8.
-11713263
-251760 (base 8) to base 6
-1510520
-100110200010 (base 3) to base 10
-186384
203423 (base 5) to base 10
6738
What is -b74568 (base 12) in base 6?
-141535412
Convert 306625 (base 8) to base 3.
12011121200
-11330223023 (base 4) to base 11
-975534
-32bd2 (base 14) to base 15
-26701
1222021112200 (base 3) to base 8
4000172
Convert -1a9c3 (base 13) to base 5.
-3132321
Convert -12221020220 (base 3) to base 16.
-1c85a
-57187 (base 12) to base 6
-2253051
9a7920 (base 15) to base 11
4181461
Convert -255111435 (base 6) to base 15.
-68be82
-1651223 (base 7) to base 5
-24342304
What is -578ad (base 16) in base 12?
-153611
What is -3440143 (base 8) in base 2?
-11100100000001100011
What is -123442334 (base 5) in base 15?
-c0714
Convert -1001100010111111 (base 2) to base 13.
-14a4c
Convert 360515 (base 7) to base 8.
177074
-c5e9 (base 15) to base 16
-a374
What is -103672 (base 8) in base 2?
-1000011110111010
Convert 83780 (base 14) to base 13.
b1400
2201002122111 (base 3) to base 15
1d6494
Convert 317211 (base 9) to base 10.
188983
Convert -43101 (base 7) to base 9.
-15580
9626a0 (base 11) to base 3
2220021120210
2550111 (base 6) to base 16
21ddb
Convert 1942a8 (base 12) to base 3.
211111101102
Convert 124247 (base 13) to base 6.
13213532
Convert 171094 (base 13) to base 16.
8c062
c7b5b (base 16) to base 14
174175
What is 1122122222220 (base 3) in base 7?
10321116
Convert -1151543 (base 8) to base 16.
-4d363
-210344531 (base 6) to base 8
-15775407
What is -1323517 (base 8) in base 6?
-11535155
Convert -1211210022211 (base 3) to base 4.
-3233100232
Convert -14341114 (base 6) to base 7.
-4132060
Convert bb57 (base 14) to base 7.
163340
10144003 (base 5) to base 7
500431
Convert b8b184 (base 15) to base 13.
1a8c5c7
-23100344 (base 5) to base 7
-1516413
333202101 (base 4) to base 14
6aba9
-197308 (base 11) to base 12
-127090
Convert 5252531 (base 7) to base 3.
1012020210202
What is 4450515 (base 6) in base 12?
a9a3b
Convert -131108 (base 14) to base 2.
-10100000001010010100
-16402112 (base 7) to base 5
-402104114
What is -11763027 (base 8) in base 7?
-31140226
What is f4674 (base 16) in base 6?
33242340
What is -11234254 (base 6) in base 3?
-122121222221
2c7cbc (base 14) to base 15
20bb11
Convert -751b7 (base 14) to base 15.
-58cae
What is 34754 (base 12) in base 16?
11230
What is 1029d0 (base 14) in base 15?
ab858
What is 857441 (base 13) in base 6?
151023145
What is 111110101111100111 (base 2) in base 13?
8cc92
-203232044 (base 5) to base 12
-344124
3320110134 (base 5) to base 2
11011011011101011111110
Convert -273102 (base 8) to base 9.
-155375
Convert 26604 (base 11) to base 7.
215532
b99c (base 